7. What is the greatest common divisor of s and i?
23
Suppose -5*f - 4*a + 216 = 0, 2*a = 3*a - 4. What is the highest common divisor of f and 190?
10
Suppose 9*g + 7756 - 11608 = 0. Calculate the highest common divisor of 107 and g.
107
Let l be 25/((1/(-3))/((-8)/24)). What is the greatest common factor of 2 and l?
1
Let y(l) = -2*l - 1. Let z be y(-3). Suppose 6*r = 5*r - 5*b + 139, -z*r - b = -719. What is the greatest common divisor of r and 18?
18
Let s = 5350 - 5180. Let u be 1 + 16/(1 - 0). What is the greatest common factor of s and u?
17
Suppose 4*h = 20, -p = 4*p + h - 305. Calculate the greatest common divisor of p and 135.
15
Let p be ((-90)/12)/(3/(-2)). Let k be (5 - p)/1 - -18. What is the highest common factor of k and 18?
18
Let a(f) = -2*f - 10. Let q be a(-14). Suppose 0 = 4*v + g - 68, -5*v = -3*g + 6*g - 78. Calculate the greatest common factor of q and v.
18
Suppose -4*v - 460 = -4*j + 772, 3*j = -3*v + 912. What is the greatest common factor of 54 and j?
18
Let t be (-3)/6 + (-164)/(-8). Let s = t - 22. Let k be (36/(-8))/(s/4). Calculate the greatest common divisor of 27 and k.
9
Let p(l) = -l**2 + 11*l + 4. Suppose 2*q - 3*f = 23, 10 = 5*q - 2*f - 20. Let k be p(q). What is the greatest common divisor of 80 and k?
16
Suppose b - j - 4 = 0, j = 3*b + b - 10. Suppose b*o = -0*o + 90. What is the greatest common factor of 15 and o?
15
Let k = 324 + -301. Calculate the greatest common divisor of k and 161.
23
Let m be (-6112)/(-8) - (-5)/(5/6). What is the greatest common divisor of m and 140?
70
Let h = -32 + 39. Let o = h - -7. Let u be 2736/28 + (-4)/(-14). What is the highest common factor of o and u?
14
Let n be 359*1/6 - 4/(-24). Suppose 2*s - 20 = -f - 3, 5*f + 5*s - n = 0. Calculate the highest common factor of 63 and f.
7
Let r(l) = -8*l + 139. Let o be r(17). What is the highest common divisor of 24 and o?
3
Suppose -h = j - 19, 68 = 2*h - 2*j + 10. Suppose 231 + 120 = -9*o. Let y be ((-3)/(-2))/(o/(-5512)) - -4. What is the greatest common divisor of h and y?
24
Let y(m) = -m**2 - 3*m. Let r be y(-3). Suppose -6 = -b + 4*k + 138, r = -4*k + 8. What is the greatest common divisor of b and 19?
19
Suppose -5*k + 16*k = -264. Let w be (15/(-6))/(4/k). What is the greatest common factor of w and 120?
15
Suppose -94 = 5*n - 229. Let u(y) = y**3 + y**2 + 3. Let a be u(0). Suppose h + a*m = -3, -8*m = -3*m + 10. Calculate the greatest common divisor of h and n.
3
Let x be (-3)/(-108)*17144 + (-6)/27. Calculate the highest common divisor of 51 and x.
17
Let v = 515 - 431. Calculate the highest common divisor of 196 and v.
28
Let x(a) = -a + 5. Let r be x(-7). Let w = -10 + -85. Let z = w - -143. Calculate the greatest common factor of z and r.
12
Let v be (-48)/(-9) + (-3)/((-18)/4). Let o be 6*28*2/v. What is the highest common factor of o and 84?
28
Let d(i) = i**2 - 3*i. Let m be d(4). Suppose -5*x + 7*w - 111 = 3*w, -m*w + 88 = -4*x. Let z = -16 - x. What is the greatest common factor of 21 and z?
7
Let x be (19/5 + -2)/((-9)/(-30)). Let i(h) = h**2 + 7*h + 3. Let u be i(x). What is the greatest common factor of 9 and u?
9
Suppose -2*f + 41 = -21. Suppose 5*t = -2*k + f, -2*t + k + 4*k - 5 = 0. Calculate the greatest common divisor of t and 5.
5
Suppose 5*k = -4*q - 18 + 55, -3*k = -5*q. Suppose -2*r + r = -1375. Suppose -495 = k*t - r. What is the greatest common divisor of t and 22?
22
Let t(m) = -2*m - 2. Suppose -8*b = -7*b + 3. Let p be t(b). Suppose p*z - 11 = -x, 3*x - 2*z - 55 = -2*x. Calculate the highest common factor of x and 44.
11
Suppose -7*v - 474 = -5*v. Let o = v - -347. Let r = 15 - 5. What is the greatest common factor of r and o?
10
Suppose -29*v + 22*v = -1008. What is the highest common divisor of 54 and v?
18
Suppose z + 3 = -n, 3*z + 2 + 5 = -2*n. Let m(q) = -q**3 - 2*q - 2. Let f be m(n). Calculate the highest common factor of f and 70.
10
Let c = -750 - -756. What is the highest common divisor of 606 and c?
6
Let j be 53/11 + ((-12)/33)/(-2). Calculate the highest common factor of 46 and j.
1
Suppose 19*j - 13*j = 48. Suppose -10*s - j = -108. Calculate the greatest common divisor of 40 and s.
10
Let n(b) = b**3 + 17*b**2 + 28*b - 37. Let r be n(-13). Calculate the highest common factor of r and 25.
25
Let l(c) be the first derivative of -c**4/4 - c**3 + 5*c**2/2 + 5*c - 2. Let h be l(-4). Let o be h*(-2)/(-1)*9. What is the greatest common factor of 72 and o?
18
Let z = 2760 + -2100. Calculate the highest common factor of z and 44.
44
Let o(n) = 3*n + 3. Let b be o(3). Suppose 0 = 5*r + 4*u - 304, -22 = -r + u + 37. Calculate the highest common factor of b and r.
12
Suppose -3*z = -b + 3*b - 48, -4*b = 0. Suppose r = 2*r + 3*f - 13, -4*r = 5*f - 80. Let y = r - z. Calculate the greatest common factor of y and 9.
9
Suppose 14 = x + 3*z, 4*z = -0*x + x + 7. Suppose -h - 830 = -x*d, 3*d - 5*h - 850 = -2*d. Calculate the highest common factor of 33 and d.
33
Let v = 349 + -216. What is the greatest common divisor of 38 and v?
19
Suppose -2*z = -5*m - 139, m = 37*z - 33*z - 287. Calculate the highest common factor of z and 342.
18
Let j be (12/(-4) + 0)/((-18)/708). Calculate the highest common factor of 590 and j.
118
Let t = -52 - -60. Let l(g) be the third derivative of 5*g**4/24 + g**3/3 + 4*g**2. Let d be l(6). Calculate the greatest common factor of d and t.
8
Let u(w) = 14*w**2 - 33*w + 172. Let d be u(8). What is the highest common factor of d and 12?
12
Suppose -381*m = -387*m + 264. Calculate the greatest common divisor of m and 1100.
44
Suppose 4*x - 3248 = -5*b, -2*x = -5*x + 6. What is the highest common factor of 8 and b?
8
Suppose 3*j + 13 = 3*z + 4, j - 5 = 5*z. Let m = 182 + z. Calculate the highest common factor of 20 and m.
20
Let q(b) = 23*b - 123. Let r be q(7). Calculate the highest common divisor of r and 1216.
38
Suppose -4*l - 3*y + 11 = 0, 2*y + 2 = -5*l + 14. Let g = 1668 + -1650. Calculate the highest common divisor of g and l.
2
Suppose 0 = 4*m - 5*m + 116. Calculate the greatest common divisor of 145 and m.
29
Suppose -18*a + 14*a - 164 = 0. Suppose t - 5*t = 0, 3*s - 4*t - 222 = 0. Let y = s + a. What is the greatest common divisor of 22 and y?
11
Suppose -2*i = 2*k - 56, -2*i + k + 56 = 5*k. Suppose 3*b - i = 4*h, -5*h + 22 = 4*b - 5. Let z = b - 5. What is the highest common divisor of 2 and z?
1
Suppose 2*j - 90 = 2*r, 0*j - 4*r = -3*j + 140. Calculate the greatest common divisor of j and 20.
20
Suppose 0 = -r + 3*c - 1, 4*r + c = 9. Suppose -3*h = r*h - 100. What is the highest common divisor of h and 8?
4
Let y(u) = u**2 + 7*u - 8. Suppose -n = -3*n - 18. Let z be y(n). Suppose 12*a - 4 = z*a. What is the highest common factor of a and 5?
1
Let a be 1*-1 + (-15)/5. Let v be (-1 - -3)*(0 - a/4). Calculate the greatest common factor of 14 and v.
2
Let n = 206 - 107. Suppose 0 = -m - 58 - n. Let z = -87 - m. Calculate the greatest common divisor of 28 and z.
14
Let r = -24 + 25. Let s be 0 + 119 + 4 - r. Let c = -1 + s. What is the highest common divisor of 11 and c?
11
Let s be ((-3)/6)/(2/20). Let c = 8 + s. Suppose 2*o - 2*g - 84 = 0, -c*o + 2*o + 4*g = -30. What is the highest common divisor of o and 23?
23
Suppose 64*c - 66*c = -4. Calculate the highest common divisor of 1 and c.
1
Suppose -8*o + 110 = -2*b, 57*o - 52*o - 5*b - 65 = 0. Let z(w) = w + 56. Let a be z(0). Calculate the highest common factor of a and o.
14
Let i(g) = 51*g + 51. Let c be i(4). What is the greatest common divisor of 45 and c?
15
Suppose -86*l + 96*l - 1560 = 0. Calculate the greatest common divisor of 18 and l.
6
Let r(l) = -36*l - 13. Let v be r(-6). Suppose 4*b + 43 = v. Suppose 7*s - 51 = b. What is the greatest common factor of 39 and s?
13
Let x = -420 + 591. Calculate the highest common divisor of x and 9.
9
Let c(m) = m**2 - 21*m - 17. Let t be c(18). Let o = 125 + t. Calculate the greatest common factor of o and 27.
27
Let l = -1 + 11. Let i = l - -42. Calculate the highest common divisor of 13 and i.
13
Let m(p) = 21*p - 2. Let t be m(2). Let g(i) = -60*i**3. Suppose 0 = 12*q + 20 - 8. Let v be g(q). What is the highest common factor of v and t?
20
Suppose 14*l + 221 = 263. What is the greatest common factor of 82 and l?
1
Suppose 0 = 8*o + 8*o - 192. What is the gr